3 + 0 + 0*g**3 - 2*g**2 + 2. Let j(p) = p**3 - 3*p**2 - 2*p - 5. Let s be j(4). Let z be w(s). What is the highest common factor of 33 and z?
11
Suppose -7*q + 80 = -2*q. Let y = q + -6. What is the greatest common factor of 30 and y?
10
Suppose b - 79 = -3*i, 4*i + 3*b = -2 + 99. What is the greatest common factor of i and 42?
14
Let t = -4 + 12. Let x(a) = a - 1 + 2*a - 2*a + 20*a**2. Let q be x(1). Calculate the highest common divisor of q and t.
4
Let q be 3 - 5 - -3 - -11. Calculate the highest common factor of q and 12.
12
Suppose -6*y = -y - 455. Calculate the highest common divisor of y and 13.
13
Let t = -70 - -301. What is the highest common divisor of 21 and t?
21
Let j = 201 + -143. What is the greatest common divisor of 29 and j?
29
Let g be ((-6)/9)/((-1)/(-6)). Let i be (-2)/8 - 513/g. Suppose 2*q = 1 + 31. Calculate the highest common factor of q and i.
16
Suppose -w - 8 = -4. Let r = w + 18. What is the highest common divisor of 42 and r?
14
Let b(x) = 8*x**2 + 2*x - 1. Let d(n) = -2*n + 10. Let q be d(6). Let y be b(q). Calculate the highest common divisor of 18 and y.
9
Let b = 4 - 2. Suppose b*k = r - 14, 3*r - k - 2 = -3*k. Suppose -5*f - 4*h + 160 = 0, -2*f = -3*f + 5*h + 61. Calculate the highest common divisor of r and f.
4
Let w(q) = 7*q**2 - 4*q - 1. Let i be w(-2). Calculate the highest common divisor of 5 and i.
5
Let f(m) = m**3 + 5*m**2 + m - 1. Let g be f(-2). Calculate the highest common factor of g and 9.
9
Suppose 3*h - 4*h - 4*a = -27, -5*h + 3*a = -89. Calculate the greatest common factor of 133 and h.
19
Let p(m) be the second derivative of 5*m**3/6 - m**2 - 4*m. Let f be p(7). What is the highest common factor of 11 and f?
11
Let x = -15 - -18. What is the greatest common factor of 3 and x?
3
Let g(l) = 2*l - 9. Let h be g(8). Suppose -1 = 2*f - h. Suppose 4*d = f*r - 180, -2*d = -2*r + 3*d + 113. What is the greatest common divisor of r and 16?
16
Let f = -10 + 29. Let u = -12 + 31. What is the greatest common factor of u and f?
19
Let d = 365 - 176. Let w = 53 - 32. Calculate the highest common divisor of w and d.
21
Let m = 182 - 105. Let n(r) = r**2 - r - 5. Let c be n(4). What is the greatest common factor of c and m?
7
Let b = 0 - -5. Suppose 0*m + b = m. Suppose 6*s - m*s = 51. What is the highest common divisor of s and 34?
17
Let i = -8 + 10. Suppose i*j = 26 + 2. What is the highest common factor of 21 and j?
7
Suppose 0 = -3*b + 3*j, j + 7 = 5*b - 13. Calculate the greatest common divisor of 45 and b.
5
Suppose 2*o - 95 = -3*o. Let p = 8 + -5. Let a be p/9*0 - -19. Calculate the highest common divisor of o and a.
19
Let s be -3 - (-11)/((-33)/(-18)). Calculate the greatest common divisor of s and 51.
3
Let p(c) = c + 12. Suppose 2*s - 4 = -0*s. Let q be 5*(s + -3 + -1). Let u be p(q). What is the highest common factor of u and 5?
1
Let u(q) = q + 8. Let k be u(0). Suppose -z + 0*z + k = 0. What is the highest common divisor of 8 and z?
8
Let j = -24 - -46. Let v = -13 + j. Suppose 3*p - 189 = v. Calculate the greatest common factor of p and 6.
6
Let a be 2 + (-3 - 13/(-1)). What is the greatest common divisor of a and 3?
3
Suppose 4*l - 36 = 2*l. What is the greatest common divisor of 45 and l?
9
Let d be 1 - (-3)/((-6)/(-14)). Suppose k + 282 = 5*v, 4 = -5*k + 3*k. What is the highest common factor of v and d?
8
Suppose 2*i - 116 = -2*b, -b + 10 = 3*i - 52. Calculate the highest common factor of 16 and b.
8
Let d = 25 - 21. What is the highest common divisor of d and 12?
4
Let i = -13 + 15. Suppose 2*s + i*s - 384 = 0. What is the greatest common divisor of s and 24?
24
Let l be (-604)/(-24) + 3/(-18). Calculate the highest common factor of 10 and l.
5
Suppose -i = -2*i + 2. Suppose -4*x + i*n = -92, 0 = 5*x - x + 3*n - 112. Calculate the highest common divisor of 5 and x.
5
Let b(x) = 45*x. Let k be b(1). Let f be -9*8/(-12)*9/6. What is the highest common divisor of k and f?
9
Let o = 20 - 0. What is the highest common factor of o and 140?
20
Let l = -7 + 21. Suppose 4*o + 4*k - 390 = o, 3*o - k = 375. What is the greatest common divisor of o and l?
14
Suppose 0 = -0*x - x + 1. Suppose 2*u - 21 = x. Calculate the greatest common divisor of 77 and u.
11
Suppose 4*b - 2*b = 4. Let c be ((-1)/b)/((-2)/40). Let h = 144 - 64. Calculate the highest common divisor of c and h.
10
Suppose -3*c + 153 = -d - 4*d, d - 5*c + 35 = 0. Let j = -19 - d. What is the greatest common divisor of j and 33?
11
Suppose -53*k = -55*k + 88. What is the greatest common divisor of k and 8?
4
Suppose f + 1 + 16 = 5*n, 5*n - 23 = 4*f. What is the greatest common divisor of 9 and n?
3
Let l(c) = c**3 - 3*c**2 + 7. Let i be 96/30 - (-2)/(-10). Let j be l(i). What is the highest common divisor of 63 and j?
7
Let n = 15 + -7. Calculate the greatest common factor of 24 and n.
8
Suppose 30 = -q + 6*q. Suppose -y - 24 = 2*y. Let w(j) = -j**2 - 9*j + 4. Let h be w(y). Calculate the greatest common divisor of q and h.
6
Let y = 4 - 5. Let f be -1*28*(-2 - y). Suppose -5*o + 3 = -32. Calculate the greatest common divisor of o and f.
7
Let z be (3 + -2)*(-2)/(-1). Suppose -4 = -u, -z*m + 60 = -2*u + 6*u. Suppose -2*v = 3*v - 10. Calculate the highest common factor of m and v.
2
Suppose k - 1 = 1. Suppose -3*w - 6 = 0, k*t = 5*w - 4*w + 154. Let g be -38*(-2)/4*1. Calculate the highest common divisor of g and t.
19
Suppose 0 = 4*r + h + 4*h - 30, -5*h + 20 = 3*r. Let g be 100/7 + r/(-35). What is the greatest common divisor of g and 28?
14
Let b(o) be the first derivative of o**4/4 - 7*o**3/3 + 2*o**2 + 6*o - 1. Let y be b(6). Let s = y + 69. Calculate the highest common divisor of s and 9.
9
Suppose -5*u + 543 = -p, 0*u - 123 = -u + 5*p. Suppose -2*d - u = -3*d. Calculate the greatest common factor of d and 12.
12
Let g(c) = 9*c**2. Let n be g(1). Suppose 0 = 2*l - s - 9, -l + 4*s - n = -2*l. What is the highest common divisor of l and 45?
5
Suppose 17 - 97 = -4*y. What is the greatest common factor of y and 10?
10
Suppose 0 = -2*k + 11*u - 8*u + 60, 0 = 4*k + u - 92. What is the highest common factor of 88 and k?
8
Let q(s) = -7*s - 1. Let u be q(-7). Let m be u - (-2 - (-2 + 2)). What is the highest common factor of m and 10?
10
Suppose 80 = -2*t - 5*z + 425, 0 = -2*t - 2*z + 330. Let c = t - 70. Calculate the highest common divisor of 30 and c.
30
Let u(b) = b**3 - 18*b**2 + 18*b + 5. Let q be u(17). What is the greatest common divisor of 2 and q?
2
Let j(h) = -7*h - 1. Let f be (-11 + 1)*(-3)/(-3). Let n be j(f). What is the highest common divisor of n and 23?
23
Let m(n) = -2*n**3 - 21*n**2 + 8*n - 9. Let t be m(-11). What is the greatest common factor of 40 and t?
8
Suppose 12*b - 13*b + 30 = 0. Suppose -2*l + 25 = g, 0 = 2*l - 0*l - 4*g. What is the highest common divisor of b and l?
10
Let t = 8 + -3. Let s(v) be the second derivative of v**4/12 - v**3/6 + 2*v. Let z be s(t). What is the greatest common factor of z and 50?
10
Let y be (3/2 - 1)*22. Let j = y + 1. Suppose -62 - 28 = -3*p. What is the highest common factor of j and p?
6
Suppose 3*o + 0*o = 0. Suppose o*g + g = 88. Suppose 3*d + 3 - 27 = 0. What is the greatest common divisor of g and d?
8
Let p be 83/((-2)/(0 + -2)). Suppose 0 = 4*n + 228 + 4. Let l = n + p. What is the greatest common factor of 5 and l?
5
Let c = -4 + 16. Let o = 12 - -24. What is the greatest common divisor of c and o?
12
Let p(j) = j + 14. Let t = -8 - 2. Let a be p(t). Suppose 0 = -z + s + 142, 5*z = -a*s + 2*s + 724. Calculate the highest common factor of z and 16.
16
Let q(v) = v**3 + 14*v**2 - 33*v + 1. Let p be q(-16). Let l(j) = -38*j + 1. Let f be l(-4). Calculate the greatest common divisor of p and f.
17
Suppose -2*f + 142 = -34. Calculate the greatest common divisor of 11 and f.
11
Let g = 24 - 12. Suppose -m - 12 = m. Let r be (m/(-8))/((-2)/(-8)). Calculate the greatest common factor of r and g.
3
Let x be (-72)/(-15)*25/10. What is the highest common factor of x and 96?
12
Let b(p) = -10*p - 2. Let l be b(-10). What is the highest common divisor of l and 14?
14
Let y(c) = -25*c - 24. Let u be y(-8). Calculate the greatest common factor of u and 22.
22
Suppose 2*v - d - 17 = -2*d, -5*d = 3*v - 22. Calculate the highest common divisor of v and 6.
3
Let i(x) = -x**2 + 8*x - 4